Let u(w) be the third derivative of -1/12*w**4 + 0*w + 6*w**2 + 1/2*w**3 + 0. Determine u(-5).
13
Suppose -4*z - 9 = j, 16 + 6 = -5*j + 3*z. Let g(r) = -r**3 - 5*r**2 + 3*r - 1. What is g(j)?
-16
Suppose -2*m + 2 = 0, 3*p - 5*p - m = 9. Let w(l) = l**3 + 6*l**2 + 5*l - 5. Determine w(p).
-5
Let y(s) be the third derivative of 0 + 3*s**2 - 1/2*s**3 - 5/24*s**4 + 0*s. Let m(x) = -4*x - 4. Let q(k) = 6*m(k) - 5*y(k). Calculate q(4).
-5
Let q(d) = 4*d**2 + 2*d**2 - 4*d**2 - 4*d**2 + d**2. What is q(-3)?
-9
Let y(b) = -2*b + 5. Let g(v) = 26 - 6*v + 5*v + 2*v - 2*v. Let k be g(22). Give y(k).
-3
Suppose 6 = -3*t - 3*x + 3, -5*t = -2*x - 16. Let b(s) be the first derivative of 2*s**3/3 - s**2 - 11. Calculate b(t).
4
Let p(k) = -k**2 - k - 26. Let z be 9*(-6 + 5) + 9. What is p(z)?
-26
Let w be 4/10 - (-4)/(-10). Let l = w - -10. Suppose -l = 5*m + 3*f, -2*m = 3*m - 3*f - 20. Let b(n) = -7*n - 1. What is b(m)?
-8
Let b(h) = h - 4. Suppose -3*u = 15 + 6. What is b(u)?
-11
Let m(t) be the second derivative of -3*t**5/20 + t**4/6 + t**3/6 + 2*t. Let a be 4/(-16)*105 + (-2)/(-8). Let i = 25 + a. Give m(i).
4
Let p(i) be the third derivative of -1/3*i**3 + 0*i - 33*i**2 - 1/20*i**5 - 1/12*i**4 + 0. Give p(-2).
-10
Suppose 16 = 5*o + 3*o. Suppose 26*w = 28*w - o. Let l(t) be the second derivative of -t**3/6 - t. What is l(w)?
-1
Let d = 256 - 260. Let x(s) = s**3 + 3*s**2 - 5*s - 8. Give x(d).
-4
Suppose -18 = -4*b - 2. Let v(d) be the first derivative of -3*d**2 + 1 - d**2 + 1 - b. Determine v(-1).
8
Let s(d) = -2*d**2 - 22 + 2*d**2 - d**2 + 12 - 9*d. Determine s(-7).
4
Let r(g) = -3*g - 24. Suppose -40*k + 45*k - 5*c = -50, -2*c - 19 = k. Determine r(k).
15
Let v(u) = 15*u**2 + 47*u - 97. Let i(a) = 4*a**2 + 12*a - 25. Let t(x) = -23*i(x) + 6*v(x). What is t(3)?
-7
Let j(w) = -w - 2. Let z be j(-2). Let p(v) be the second derivative of v**4/12 + v**3/6 + 7*v**2/2 - v. What is p(z)?
7
Let z be -3 - ((2 - 1) + 0). Let h be -1 - z/(0 + 4). Suppose h = -3*y + 5*o + 13, -2*o - 26 = 4*y - 0. Let v(a) = -a**2 - 4*a + 1. What is v(y)?
1
Let n(b) = 3*b**2 - b + 3. Let v(z) = 4*z**2 + 3. Let j(u) = 5*n(u) - 4*v(u). Suppose 6*g + 6 = -18. Let m be (-1 + g/3)*(3 + 0). Calculate j(m).
-11
Let t(v) = 0*v**2 - v**2 - 2*v**2 + v**3 + 1 + 225*v - 226*v. Give t(3).
-2
Let r(u) = -u**2 + 4*u - 3. Let q be r(3). Let h(x) = x**3 + 6*x**2 + 4*x - 3. Let l be h(-5). Let b(f) = -2*f + l*f - 1 + f**2 - f. Calculate b(q).
-1
Let y(u) = -u**2 - 7*u. Suppose -5*b + 25 - 10 = 0. Suppose -3*o - b*l - 6 = -2*o, 4*o - 6 = -2*l. Let s be -1*(-4*o)/(-2). Calculate y(s).
6
Let l(p) = 5*p**2 + p**3 - 7*p + 0*p**3 + 1 + 0*p**2. Let t(n) = 11*n + 4. Let y be t(-2). Let k be (11 + -4)*y/21. Give l(k).
7
Let z(k) = 8*k + 0*k**2 - 3*k**2 + 4*k**2 + 8. Let y(d) = 8*d**3 + 3*d**2 - 4*d - 7. Let i be y(-2). Let h = i + 45. What is z(h)?
-4
Let l(p) be the third derivative of p**5/60 + 5*p**4/8 - 23*p**3/6 + 8*p**2 - 8*p. Determine l(-16).
-7
Let h(q) be the third derivative of -7*q**6/60 + q**5/30 - q**3/6 - 8*q**2. Determine h(1).
-13
Let r = 10 + -6. Let c = 1120 - 1116. Let i(q) = 6*q - 4 + r*q**3 + c*q**2 + 3*q**3 - 8*q**3. What is i(5)?
1
Let w be -10 + -4*4/(-2). Let z(j) = -j**3 + 3*j**2 + j - 2. Calculate z(w).
16
Let k(w) = 3*w + 1. Let a = -8 + 8. Suppose s - 2 = -a. Suppose 23 = 5*l - s. Give k(l).
16
Let v(n) = n**2 + n + 1. Let s(t) = -t**3 + 3*t - 4. Let r(w) = -s(w) - 2*v(w). Let o = -10 - -16. Let x = o - 3. Give r(x).
-4
Let i be 14/(-18) - (11/9 + -1). Let g be (i*3/(-2))/(1/(-6)). Let m(n) = n + 7. Determine m(g).
-2
Suppose -2*m + 9 = -5*y - 12, 4*y = 4*m - 24. Let a(n) = n**2 + 1 + n**2 - 2*n - 3 - n**m + 4*n**3. What is a(-2)?
-14
Let a(v) = -2 + 67 + 0*v + v - 70. Calculate a(-6).
-11
Let f(o) = -12*o**3 + o**2 + o. Suppose 10 = 21*s + 31. Give f(s).
12
Let g(q) = 2*q**3 - 3*q**2 - 3*q - 1. Let p = -188 + 191. Give g(p).
17
Let r(c) = -12*c + 3. Let q(p) = 3*p - 1. Let f(y) = 9*q(y) + 2*r(y). Suppose 11*d - 22 = -0*d. Calculate f(d).
3
Let k(j) = 5*j**2 + 6*j - 1. Let d(c) = -2*c**2 - 2*c. Let m = 32 - 40. Let h(q) = m*d(q) - 3*k(q). What is h(2)?
3
Let l(g) = g**2 - 5*g - 10. Suppose 0 = 2*w + 34 - 16. Let q be (w + 2)*(0 - 1). Give l(q).
4
Let h be (-8)/28 + (-234)/14. Let x(u) = -20*u**3 + 29*u**2 - 17*u - 5. Let v(i) = 7*i**3 - 10*i**2 + 6*i + 2. Let m(j) = h*v(j) - 6*x(j). Determine m(4).
-4
Let j(u) = -3*u**2 + 6*u + 17. Let b be j(-2). Let s(p) = -p**2 - 9*p - 6. Determine s(b).
8
Let j(p) = -3*p**3 - p. Let b(s) = 3*s - 25. Let l be b(10). Suppose -4 = r - l. Give j(r).
-4
Let x(q) = 70*q - 221. Let u be x(3). Let v(c) = c**2 + 10*c - 19. What is v(u)?
-8
Let d(j) = -13 - 10 + 5*j - 8 + 8 - 9*j**2. Let f(w) = -5*w**2 + 2*w - 12. Let o(a) = -4*d(a) + 7*f(a). What is o(7)?
15
Let n(s) = 28*s - 32. Let y(l) = -35*l + 32. Let h(t) = -4*n(t) - 3*y(t). What is h(5)?
-3
Let r(k) = k**3 + 6*k**2 + 3*k + 5. Suppose -3*s + 24 = 3*h, 3*s - 4*h = 23 + 15. Let o = s + -16. What is r(o)?
-13
Let q(h) = h + 1. Let l be 6/2 + ((-12)/6 - 14). Determine q(l).
-12
Let u be ((-9)/6)/((-6)/16). Let k(y) = 5*y**2 - 2*y**2 - 2*y**2 - 3 + u - 6*y. What is k(3)?
-8
Let a = 2659 - 2655. Let s(c) = 2*c**2 - 3*c - 1. Let x(t) = t**2 - 1. Let v(u) = s(u) - 3*x(u). Let j(l) be the first derivative of v(l). What is j(a)?
-11
Let t = 10 + -18. Let w = 6 + t. Let f be (0/1)/(3 + w). Let v(l) = l - 7. What is v(f)?
-7
Let t(o) = 3 + 47*o**2 + 5*o - 11*o**2 - 15*o**2 - 23*o**2. Determine t(4).
-9
Suppose 0 = -3*x - 5*z + 2, 37*z + 4 = 2*x + 41*z. Let p(j) = j**2 + 8*j + 17. Give p(x).
5
Let j(s) = s**3 - 1. Suppose 4*q = -2*q - q. Give j(q).
-1
Let o(x) = x**2 + 11. Let j(f) = -f**3 - 7*f**2 - 5*f + 6. Let i = 13 - 8. Suppose 2*d - 28 = 3*z, d - i = -0*d. Let s be j(z). Determine o(s).
11
Let j(u) be the first derivative of 1/3*u**3 + 4 - 7/2*u**2 + 7*u. Let x(d) = -d**3 - 2*d**2 - 2*d + 1. Let b be x(-2). Determine j(b).
-3
Let g(s) be the first derivative of 1/2*s**2 + 1 + 11*s. Let r be 5/((-4 - -8) + -3 + -2). What is g(r)?
6
Let b(o) = 3*o + 52. Let z(x) = -x - 18. Let g(w) = 6*b(w) + 17*z(w). Determine g(-9).
-3
Suppose -3*w = -1 - 11. Let a(v) = -w*v + 2 - 3 + 3*v. Calculate a(5).
-6
Let g(m) be the second derivative of -m**6/720 + 7*m**5/60 - 13*m**4/12 - 14*m. Let x(t) be the third derivative of g(t). Let a = 4 + -4. Calculate x(a).
14
Let o = 1949 - 1956. Let f(s) = s**2 + 6*s + 6. Calculate f(o).
13
Suppose -2*v = 4*m - 28, v = 5*m - 0*m - 28. Let o(d) = -1 - 5*d - 13*d + 29*d - 12*d. Let x(a) = 5*a + 7. Let r(c) = m*o(c) + x(c). Determine r(-3).
4
Let s(y) = -y**2 - 5*y + 7. Let n be s(-5). Let p(m) = -2*m**3 - 5*m**2 + 10*m. Let h(l) = -5*l**3 - 9*l**2 + 20*l + 1. Let v(g) = n*p(g) - 3*h(g). Give v(7).
18
Let f(z) = z**2 + z + 1. Let o(k) = -k**2 - 14*k. Let c(a) = -2*f(a) - o(a). Give c(8).
30
Let t = 7 + -5. Let j(l) = -3*l**2 - 2*l + 2. Let k(a) = -6*a**2 - 2*a. Let b(c) = -j(c) + k(c). What is b(t)?
-14
Suppose -514*l + 523*l = 0. Let a(g) = -g**3 - g - 36. Determine a(l).
-36
Let v(o) = -o - 3. Let l be v(-5). Suppose -250 = 2*u - 252. Suppose -5*h - 4*d - u = -12, 3*h = l*d + 11. Let m(z) = -z**3 + 3*z**2 - z - 2. What is m(h)?
-5
Let c = 46 - 42. Let i(n) = -n**3 + 2 + c + n - 4*n**2 + 2*n + 8*n**2. What is i(5)?
-4
Let c(t) be the third derivative of 11*t**5/60 + t**4/12 - t**3/6 + t**2. Let j = 1439 - 1438. Give c(j).
12
Let h(v) = v**2 + 7*v + 5. Suppose -4*q - 26 = -c, -3*q + 20 = -5*q + 4*c. Determine h(q).
-1
Let g(j) be the first derivative of -j**7/840 - j**6/90 - j**5/60 + 3*j**3 - 3. Let w(z) be the third derivative of g(z). What is w(-3)?
-3
Suppose 7 = 5*w - 13. Suppose -9 = 2*i - 5*i, 3*t - 12 = -w*i. Let v(a) = 0*a**2 - 1 - 6 + 0*a**2 + a - a**2. Calculate v(t).
-7
Let w(z) be the third derivative of z**5/60 - z**4/6 + z**3 - z**2 - 133*z. Determine w(7).
27
Let a = 1 + -2. Let r(t) = -7*t**2 + 4*t + 5. Let b(k) = -8*k + 1. Let z be b(-1). Let i(n) = -15*n**2 + 9*n + 11. Let j(c) = z*r(c) - 4*i(c). Calculate j(a).
-2
Let h(f) = 3*f + 1. Suppose -3*l = 5*v - 19, -4*v = -l - 8 + 3. What is h(l)?
10
Let l(k) = k**3 - 3*k**2 + 2. Suppose b + 4*v - 4 = 2*v, v + 20 = 5*b. Suppose b*p = -2*p + 18. Calculate l(p).
2
Let l(t) = -2*t**2 + 5*t. Suppose -8*u = -46 + 14. What